{"id":295,"date":"2010-11-25T08:58:19","date_gmt":"2010-11-25T07:58:19","guid":{"rendered":"http:\/\/nanaki.affenfelsen.de\/wordpress\/"},"modified":"2025-09-07T16:24:51","modified_gmt":"2025-09-07T14:24:51","slug":"mizus-raidtracker-de","status":"publish","type":"page","link":"https:\/\/www.cosmocanyon.de\/wordpress\/mizus-raidtracker\/mizus-raidtracker-de\/","title":{"rendered":"Mizus RaidTracker (DE)"},"content":{"rendered":"<p>Mizus RaidTracker ist ein einfach zu benutzendes Addon, um Schlachtz\u00fcge, Loot und Teilnehmer zu tracken. MRT verf\u00fcgt \u00fcber automatische Trackingfunktionen, eine \u00fcbersichtliche GUI zur \u00dcbersicht and Modifikation der getrackten Daten und einen CTRaidTracker kompatiblen Datenexport.<\/p>\n<p>Aktuelle Version:<br \/>\n<em>Download link entfernt. Bitte pr\u00fcfe curseforge.com f\u00fcr die aktuellste Version des Addons. Der Link ist in der Seitenleiste.<\/em><\/p>\n<p>MRT hat vollst\u00e4ndigen Support und UI-\u00dcbersetzungen f\u00fcr die englischen, deutschen und franz\u00f6sischen WoW-Clients. Support und \u00dcbersetzungen f\u00fcr spanische, franz\u00f6sische und koreanische WoW-Clients sind fast komplett. Eine russische \u00dcbersetzung wurde angefangen.<br \/>\nAktuelle Informationen zum \u00dcbersetzungsstatus sind auf der <a href=\"https:\/\/wow.curseforge.com\/projects\/mizusraidtracker\/localization\">\u00dcbersetzungsstatus-Seite auf CurseForge.com zu finden<\/a><\/p>\n<h3>Features:<\/h3>\n<ul>\n<li><strong>Schlachtzuggr\u00f6\u00dfen-Erkennung: <\/strong>trackt und speichert die Schlachtzugsgr\u00f6\u00dfe<\/li>\n<li><strong>Schwierigkeits-Erkennung: <\/strong>trackt und speichert die Schlachtzugsschwierigkeit (Normalmode \/ Hardmode) f\u00fcr jeden Boss<\/li>\n<li><strong>Bosskill tracking: <\/strong>automatische Erkennung von Bosskills (unterst\u00fctzt Naxx, Obsidian Sanktum, Ulduar, PdoK, Eiskronenzitadelle, Rubin Sanktum, Archavons Kammer)<\/li>\n<li><strong>Loot tracking:<\/strong> automatisches Tracking von Items und Itemkosten (Splitter und Edelsteine werden standardm\u00e4\u00dfig ignoriert)<\/li>\n<li><strong>Teilnehmer tracking: <\/strong>trackt Teilnehmer f\u00fcr jeden Bosskill einzeln<\/li>\n<li><strong>Gildenanwesenheit:<\/strong> optionale M\u00f6glichkeit, anwesende Gildenmitglieder via Whisper zu tracken (MRT erstellt die notwendigen Gildennachrichten selber)<\/li>\n<li><strong>Raid Log Browser:<\/strong> eine \u00fcbersichtliches Interface, um die gespeicherten Daten zu \u00fcberpr\u00fcfen, zu modifizieren und zu exportieren<\/li>\n<li><strong>Verschiedene Exportoptionen:<\/strong> Datenexport f\u00fcr einen kompletten Raid, ein einzelnes Bossevent oder alle normal\/hard Bossk\u00e4mpfe eines Schlachtzugs<\/li>\n<li><strong>Options-Panel:<\/strong> komplett in das Blizzard WoW Optionsmen\u00fc integriert<\/li>\n<\/ul>\n<h3>Exportformate:<\/h3>\n<ul>\n<li><strong>EQdkp\/MLdkp 1.1 (CTRT kompatibel):<\/strong> wenn du ein DKP-System hast, welches das urspr\u00fcngliche CT RaidTracker-Format lesen kann, dann sollte dieses Format funktionieren<\/li>\n<li><strong>EQdkp-Plus XML: <\/strong>das empfohlene Exportformat f\u00fcr EQdkp-Plust (im Raid-Log-Import-Plugin muss das gleiche Exportformat eingestellt sein)<\/li>\n<li><strong>MLdkp 1.5<\/strong><\/li>\n<li><strong>Klartext:<\/strong> erstellt eine einfache Textzusammenfassung in einer lesbaren Form &#8211; f\u00fcr E-Mail, Editoren, usw.<\/li>\n<li><strong>BBCode formartierter Text:<\/strong> identisch zum Klartext, allerdings mit ein wenig BBCode-Formatierung f\u00fcr Foren. Eine Variante mit WoWHead-Links ist ebenfalls verf\u00fcgbar.<\/li>\n<li><strong>CSS basierendes HTML mit wowhead Links:<\/strong> Ein HTML-Export mit CSS Support.<\/li>\n<\/ul>\n<h3>Slashbefehle:<\/h3>\n<ul>\n<li>&#8216;\/mrt&#8217; \u00f6ffnet den RaidLog Browser<\/li>\n<li>&#8216;\/mrt o&#8217; und &#8216;\/mrt options&#8217; \u00f6ffnet das Options-Panel<\/li>\n<li>&#8216;\/mrt snapshot&#8217; speichert ein Abbild der aktuellen Schlachtzugsgruppe<\/li>\n<li>&#8216;\/mrt dkpcheck&#8217; erstellt einen neuen Bossevent-Eintrag (&#8216;Teilnehmercheck&#8217;) und starter einen Gildenanwesenheits-Check<\/li>\n<li>&#8216;\/mrt deleteall now&#8217; l\u00f6scht das komplette Raidlog<\/li>\n<\/ul>\n<h3>Einstellungen:<\/h3>\n<h4>Hauptoptionen:<\/h4>\n<ul>\n<li><strong>&#8216;Aktiviere MRT&#8217;:<\/strong> (De-)Aktiviert das automatische Tracken von Schlachtz\u00fcgen<\/li>\n<li><strong>&#8216;Aktiviere Debugnachrichten&#8217;:<\/strong> (De-)Aktiviert die Debugnachrichten (nur f\u00fcr Entwickler interessant)<\/li>\n<li><strong>&#8216;Slash Befehl&#8217;:<\/strong> \u00c4ndert den Slashbefehl von MRT. Nach einer \u00c4nderung bitte einmal Reloggen.<\/li>\n<li><strong>&#8216;Minimap-Symbol anzeigen&#8217;:<\/strong> (De-)Aktiviert das Minimap-Symbol<\/li>\n<li><strong>&#8216;L\u00f6sche automatisch alle raids, die \u00e4lter sind als X Tage&#8217;:<\/strong> Mit Vorsicht benutzen. Wenn diese Option aktiviert ist, wird MRT automatisch s\u00e4mtliche Raids, die \u00e4lter als die eingestellte Zeit sind, l\u00f6schen.<\/li>\n<\/ul>\n<h4>Raid-Tracking-Optionen:<\/h4>\n<ul>\n<li><strong>&#8216;Erstelle einen neuen Raid nach einem Zonenwechsel&#8217;:<\/strong> Wenn diese Option aktiviert ist, wird MRT automatisch bei einem Zonenwechsel in einem laufenden Raid einen neuen Raid f\u00fcr die neue Zone anlegen. Wenn du nur einen Raid f\u00fcr einen Abend exportieren willst, solltest du diese Option deaktivieren.<\/li>\n<li><strong>&#8216;Logge 10 Spieler Raids&#8217;:<\/strong> (De-)Aktiviert das Tracken von 10 Spieler Raids<\/li>\n<li><strong>&#8216;Logge Archavons Kammer&#8217;:<\/strong> (De-)Aktiviert das Tracken von Archavons Kammer (25er und 10er Version)<\/li>\n<li><strong>&#8216;Nutze die Serverzeit&#8217;:<\/strong> Wenn diese Option aktiviert ist, wird MRT die Serverzeit anstelle der lokalen Systemzeit benutzen.<\/li>\n<\/ul>\n<h4>Item-Tracking-Optionen:<\/h4>\n<ul>\n<li><strong>&#8216;Min. Itemqualit\u00e4t die getrackt wird&#8217;:<\/strong> Stelle hier die Qualit\u00e4tsgrenze ein, ab der Gegenst\u00e4nde getrackt werden sollen. (Hinweis: Du kannst zu jeder Zeit manuell Gegenst\u00e4nde jeder Qualit\u00e4t \u00fcber das UI hinzuf\u00fcgen)<\/li>\n<li><strong>&#8216;Frage nach Gegenstandskosten&#8217;:<\/strong> (De-)Aktiviert das Popup-Fenster, welches f\u00fcr jedes Item nach den Kosten fragt.<\/li>\n<li><strong>&#8216;Min. Itemqualit\u00e4t f\u00fcr die nach Kosten gefragt wird&#8217;:<\/strong> Stelle hier die Qualit\u00e4tsgrenze ein, ab der MRT nach den Kosten f\u00fcr einen Gegenstand fragen soll.<\/li>\n<li><strong>&#8216;Tracke nur Items mit Itemlevel gleich oder h\u00f6her X&#8217;:<\/strong> Stelle hier das Itemlevel ein, das ein Gegenstand wenigstens haben soll, damit es getrackt wird. Wenn der Wert auf 0 gesetzt ist, wird diese Filteroption deaktiviert.<\/li>\n<li><strong>&#8216;Automatischer Fokus auf das Loot-Kosten-Fenster&#8217;:<\/strong> Ob und wann soll die Eingabezeile des Itemkosten-Fenster automatisch fokussiert werden. Wenn der automatische Fokus deaktiviert ist, muss man vorher einmal mit der Maus auf die Eingabezeile klicken, damit Werte eingegeben werden k\u00f6nnen. Drei Optionen verf\u00fcgbar:\u00a0 &#8216;Immer&#8217; \/ &#8216;Wenn nicht im Kampf&#8217; \/ &#8216;Nie&#8217;<\/li>\n<\/ul>\n<h4>Teilnehmer-Optionen:<\/h4>\n<ul>\n<li><strong>&#8216;Logge nur die ersten 2\/5 Gruppen&#8217;:<\/strong> Wenn diese Option aktiviert ist, dann loggt MRT nur die ersten 2\/5 Gruppen eines 10er\/25er Schlachtzugs. Spieler in anderen Gruppen werden behandelt, als w\u00e4ren sie nicht im Raid.<\/li>\n<li><strong>&#8216;Logge Spieler, die offline sind&#8217;:<\/strong> Wenn diese Option aktiviert ist, dann loggt MRT Spieler, die Offline sind, als anwesend. Andernfalls werden sie behandelt, als w\u00e4ren sie nicht im Raid.<\/li>\n<li><strong>&#8216;Aktiviere Gilden-Teilnehmer-Check&#8217;:<\/strong> Wenn diese Option aktiviert ist, dann fragt MRT nach jedem Boss, ob ein Gilden-Teilnehmer-Check durchgef\u00fchrt werden soll. Wenn dem zugestimmt wird, dann sendet MRT eine Gildennachricht, die deine Gildenmitglieder dazu auffordert, dich mit ihren Charakternamen anzufl\u00fcstern. Die gefl\u00fcsterten Namen werden zur Bossteilnehmerliste hinzugef\u00fcgt.<\/li>\n<li><strong>&#8216;Nach Best\u00e4tigung fragen&#8217;:<\/strong> Wenn diese Option aktiviert ist, dann fragt MRT bevor die Gildennachricht gesendet wird. Andernfalls f\u00fchrt MRT den Teilnehmer-Check ohne vorherige R\u00fcckfrage nach einem Bosskill aus.<\/li>\n<li><strong>&#8216;Benutze einen Trigger anstelle des Charakternamens&#8217;:<\/strong> Wenn diese Option aktiviert ist, dann reagiert MRT auf eine einstellbare Textnachricht anstelle des Charakternamens. MRT passt die Gildennachrichten automatisch entsprechend an.<\/li>\n<li><strong>&#8216;Dauer des Teilnehmer-Checks&#8217;: <\/strong>Stellt die Dauer des Gilden-Teilnehmer-Checks ein. W\u00e4hrend eines Teilnehmer-Checks wird MRT jede Minute eine Erinnerung senden.<\/li>\n<\/ul>\n<h4>Export-Optionen:<\/h4>\n<ul>\n<li><strong>&#8216;Exportformat&#8217;:<\/strong> Hier wird das Exportformat ausgew\u00e4hlt.<\/li>\n<li><strong>&#8216;Exportiere Instanz- und Bossnamen auf Englisch&#8217;:<\/strong> Wenn diese Options aktiviert ist, wird MRT versuchen, die Zonen- und Bossnamen auf englisch zu exportieren. Andernfalls werden die Zonen- und Bossnamen in der WoW-Client-Sprache exportiert. Diese Options ist besonders hilfreich, wenn ihr im EQdkp-Plus Raid-Log-Importer nicht erst die Boss- und Zoneneinstellungen anpassen wollt und mit den englischen Namen zufrieden seit.<\/li>\n<li><strong>&#8216;Ignoriere Anwesenheit pro Boss&#8217;:<\/strong> Wenn diese Option aktiviert ist, dann ignoriert MRT die pro Boss basierenden Teilnehmerdaten. Jeder Raidteilnehmer wird so exportiert, als ob er\/sie w\u00e4hrend des kompletten Raids f\u00fcr alles Bosse anwesend war. Wenn du normalerweise nur einen einzelnen Raid pro Raidabend im EQdkp eintr\u00e4gst und anschlie\u00dfend manuell Korrekturen durchf\u00fchrst, dann solltest du diese Option einschalten.<\/li>\n<li><strong>&#8216;Aktiviere Anwesenheits-Fix f\u00fcr den EQdkp-Plus Raid-Log-Import 0.5.6.3&#8217;: <\/strong>Diese Option \u00e4ndert die Zeitstempel des Datenexports ein wenig, damit die 50% Anwesenheitsgrenze des Raid-Log-Importers \u00fcberschritten wird und somit keine Teilnehmer aussortiert werden. Diese Option sollte nur genutzt werden, wenn ein DKP-System eingesetzt wird, welches auf Anwesenheit pro Boss basiert.<\/li>\n<li><strong>&#8216;Aktiviere Bosserkennungs-Fix f\u00fcr den EQdkp(-Plus) CT_RaidTrackerImport 1.16.x&#8217;:<\/strong> Diese Option \u00e4ndert die Gegenstandsliste des Datenexports ein wenig um einen Bug bei der Bosserkennung des alten CT_RaidTrackerImport-Plugin zu fixen. Diese Option sollte NUR dann benutzt werden, wenn dieses alte Plugin benutzt wird und es Bossevents gibt, mit denen kein Loot verkn\u00fcpft ist (z.B. Anwesenheitschecks \/ Teilnehmerchecks).<\/li>\n<li><strong>&#8216;Format f\u00fcr Datum und Zeit&#8217;:<\/strong> Hier kann das Datum-Format der textbasierten Exportformate ge\u00e4ndert werden. Der Ingame-Tooltip stellt genaue Informationen bereit, welche Variablen zur Verf\u00fcgung stehen.<\/li>\n<li><strong>&#8216;W\u00e4hrung&#8217;:<\/strong> Hier kann die verwendete W\u00e4hrung f\u00fcr die textbasierten Exporte eingestellt werden. (z.B. DKP, GP, usw.)<\/li>\n<\/ul>\n<h3>Screenshots:<\/h3>\n<div id='gallery-1' class='gallery galleryid-295 gallery-columns-3 gallery-size-thumbnail'><figure class='gallery-item'>\n\t\t\t<div class='gallery-icon landscape'>\n\t\t\t\t<a href='https:\/\/www.cosmocanyon.de\/wordpress\/mizus-raidtracker\/mizus-raidtracker-de\/mrt_v023_beta_raidlog-2\/'><img loading=\"lazy\" decoding=\"async\" width=\"150\" height=\"150\" src=\"https:\/\/www.cosmocanyon.de\/wordpress\/wp-content\/uploads\/2010\/11\/MRT_v023_beta_raidlog-150x150.png\" class=\"attachment-thumbnail size-thumbnail\" alt=\"\" \/><\/a>\n\t\t\t<\/div><\/figure><figure class='gallery-item'>\n\t\t\t<div class='gallery-icon landscape'>\n\t\t\t\t<a href='https:\/\/www.cosmocanyon.de\/wordpress\/mizus-raidtracker\/mizus-raidtracker-de\/mrt_v018_beta_raidlog_notett-2\/'><img loading=\"lazy\" decoding=\"async\" width=\"150\" height=\"150\" src=\"https:\/\/www.cosmocanyon.de\/wordpress\/wp-content\/uploads\/2010\/10\/MRT_v018_beta_raidlog_noteTT-150x150.png\" class=\"attachment-thumbnail size-thumbnail\" alt=\"\" \/><\/a>\n\t\t\t<\/div><\/figure><figure class='gallery-item'>\n\t\t\t<div class='gallery-icon landscape'>\n\t\t\t\t<a href='https:\/\/www.cosmocanyon.de\/wordpress\/mizus-raidtracker\/mizus-raidtracker-de\/mrt_v018_beta_raidlog_itemtt-2\/'><img loading=\"lazy\" decoding=\"async\" width=\"150\" height=\"150\" src=\"https:\/\/www.cosmocanyon.de\/wordpress\/wp-content\/uploads\/2010\/10\/MRT_v018_beta_raidlog_itemTT-150x150.png\" class=\"attachment-thumbnail size-thumbnail\" alt=\"\" \/><\/a>\n\t\t\t<\/div><\/figure><figure class='gallery-item'>\n\t\t\t<div class='gallery-icon landscape'>\n\t\t\t\t<a href='https:\/\/www.cosmocanyon.de\/wordpress\/mizus-raidtracker\/mizus-raidtracker-de\/mrt_loot_dialog-2\/'><img loading=\"lazy\" decoding=\"async\" width=\"150\" height=\"150\" src=\"https:\/\/www.cosmocanyon.de\/wordpress\/wp-content\/uploads\/2010\/06\/MRT_loot_dialog-150x150.png\" class=\"attachment-thumbnail size-thumbnail\" alt=\"\" \/><\/a>\n\t\t\t<\/div><\/figure><figure class='gallery-item'>\n\t\t\t<div class='gallery-icon landscape'>\n\t\t\t\t<a href='https:\/\/www.cosmocanyon.de\/wordpress\/mizus-raidtracker\/mizus-raidtracker-de\/mrt_attendance_dialog-2\/'><img loading=\"lazy\" decoding=\"async\" width=\"150\" height=\"150\" src=\"https:\/\/www.cosmocanyon.de\/wordpress\/wp-content\/uploads\/2010\/06\/MRT_attendance_dialog-150x150.png\" class=\"attachment-thumbnail size-thumbnail\" alt=\"\" \/><\/a>\n\t\t\t<\/div><\/figure><figure class='gallery-item'>\n\t\t\t<div class='gallery-icon landscape'>\n\t\t\t\t<a href='https:\/\/www.cosmocanyon.de\/wordpress\/mizus-raidtracker\/mizus-raidtracker-de\/mrt_v025_alpha_options\/'><img loading=\"lazy\" decoding=\"async\" width=\"150\" height=\"150\" src=\"https:\/\/www.cosmocanyon.de\/wordpress\/wp-content\/uploads\/2010\/11\/MRT_v025_alpha_options-150x150.png\" class=\"attachment-thumbnail size-thumbnail\" alt=\"\" \/><\/a>\n\t\t\t<\/div><\/figure><figure class='gallery-item'>\n\t\t\t<div class='gallery-icon landscape'>\n\t\t\t\t<a href='https:\/\/www.cosmocanyon.de\/wordpress\/mizus-raidtracker\/mizus-raidtracker-de\/mrt_v023_beta_tracking_options-2\/'><img loading=\"lazy\" decoding=\"async\" width=\"150\" height=\"150\" src=\"https:\/\/www.cosmocanyon.de\/wordpress\/wp-content\/uploads\/2010\/11\/MRT_v023_beta_tracking_options-150x150.png\" class=\"attachment-thumbnail size-thumbnail\" alt=\"\" \/><\/a>\n\t\t\t<\/div><\/figure><figure class='gallery-item'>\n\t\t\t<div class='gallery-icon landscape'>\n\t\t\t\t<a href='https:\/\/www.cosmocanyon.de\/wordpress\/mizus-raidtracker\/mizus-raidtracker-de\/mrt_v023_beta_attendance_options-2\/'><img loading=\"lazy\" decoding=\"async\" width=\"150\" height=\"150\" src=\"https:\/\/www.cosmocanyon.de\/wordpress\/wp-content\/uploads\/2010\/11\/MRT_v023_beta_attendance_options-150x150.png\" class=\"attachment-thumbnail size-thumbnail\" alt=\"\" \/><\/a>\n\t\t\t<\/div><\/figure><figure class='gallery-item'>\n\t\t\t<div class='gallery-icon landscape'>\n\t\t\t\t<a href='https:\/\/www.cosmocanyon.de\/wordpress\/mizus-raidtracker\/mizus-raidtracker-de\/mrt_v023_beta_export_options-2\/'><img loading=\"lazy\" decoding=\"async\" width=\"150\" height=\"150\" src=\"https:\/\/www.cosmocanyon.de\/wordpress\/wp-content\/uploads\/2010\/11\/MRT_v023_beta_export_options-150x150.png\" class=\"attachment-thumbnail size-thumbnail\" alt=\"\" \/><\/a>\n\t\t\t<\/div><\/figure><figure class='gallery-item'>\n\t\t\t<div class='gallery-icon landscape'>\n\t\t\t\t<a href='https:\/\/www.cosmocanyon.de\/wordpress\/mizus-raidtracker\/mizus-raidtracker-de\/mrt_v023_beta_export_options-openddmenu-2\/'><img loading=\"lazy\" decoding=\"async\" width=\"150\" height=\"150\" src=\"https:\/\/www.cosmocanyon.de\/wordpress\/wp-content\/uploads\/2010\/11\/MRT_v023_beta_export_options-openDDMenu-150x150.png\" class=\"attachment-thumbnail size-thumbnail\" alt=\"\" \/><\/a>\n\t\t\t<\/div><\/figure>\n\t\t<\/div>\n\n<p><img decoding=\"async\" title=\"gallery link=&quot;file&quot;\" src=\"..\/wp-includes\/js\/tinymce\/plugins\/wpgallery\/img\/t.gif\" alt=\"\" \/><\/p>\n<h3>Hinweise:<\/h3>\n<ul>\n<li>Gegenw\u00e4rtig gibt es noch keine GUI um die Liste der ignorierten Gegenst\u00e4nde zu editieren. Diese Liste kann ge\u00e4ndert werden, indem man die ItemIDs in der &#8216;IgnoredItemIDList&#8217; in der Datei &#8216;MizusRaidTracker_Constants.lua&#8217; anpasst.<\/li>\n<li>EQDKP CTRT-Import-Plugin:<br \/>\nWenn du eine Raidzusammenstellung hast, die sich bei jedem Bosskill \u00e4ndert und im alten EQDKP eine automatische Raidaufteilung f\u00fcr die einzelnen Bosse haben willst, dann musst du die Bossnamen (wie sie im MRT Raidlog stehen) als Note Trigger und die Instanznamen als Event Trigger einstellen. Ein Beispiel f\u00fcr englische Raid Note Trigger f\u00fcr die Eiskronencitadelle befindet sich weiter unten in der Dateiliste.<\/li>\n<li>Mizus RaidTracker ist ver\u00f6ffentlicht unter der GNU GPLv3<\/li>\n<\/ul>\n<h3><a name=\"files\"><\/a>Dateien:<\/h3>\n<p><em>Download link entfernt. Bitte pr\u00fcfe curseforge.com f\u00fcr die aktuellste Version des Addons. Der Link ist in der Seitenleiste.<\/em><\/p>\n","protected":false},"excerpt":{"rendered":"<p>Mizus RaidTracker ist ein einfach zu benutzendes Addon, um Schlachtz\u00fcge, Loot und Teilnehmer zu tracken. MRT verf\u00fcgt \u00fcber automatische Trackingfunktionen, eine \u00fcbersichtliche GUI zur \u00dcbersicht and Modifikation der getrackten Daten und einen CTRaidTracker kompatiblen Datenexport. Aktuelle Version: Download link entfernt. Bitte pr\u00fcfe curseforge.com f\u00fcr die aktuellste Version des Addons. Der Link ist in der Seitenleiste. &hellip; <a href=\"https:\/\/www.cosmocanyon.de\/wordpress\/mizus-raidtracker\/mizus-raidtracker-de\/\" class=\"more-link\">Continue reading <span class=\"screen-reader-text\">Mizus RaidTracker (DE)<\/span> <span class=\"meta-nav\">&rarr;<\/span><\/a><\/p>\n","protected":false},"author":1,"featured_media":0,"parent":58,"menu_order":1,"comment_status":"closed","ping_status":"closed","template":"","meta":{"footnotes":""},"class_list":["post-295","page","type-page","status-publish","hentry"],"_links":{"self":[{"href":"https:\/\/www.cosmocanyon.de\/wordpress\/wp-json\/wp\/v2\/pages\/295","targetHints":{"allow":["GET"]}}],"collection":[{"href":"https:\/\/www.cosmocanyon.de\/wordpress\/wp-json\/wp\/v2\/pages"}],"about":[{"href":"https:\/\/www.cosmocanyon.de\/wordpress\/wp-json\/wp\/v2\/types\/page"}],"author":[{"embeddable":true,"href":"https:\/\/www.cosmocanyon.de\/wordpress\/wp-json\/wp\/v2\/users\/1"}],"replies":[{"embeddable":true,"href":"https:\/\/www.cosmocanyon.de\/wordpress\/wp-json\/wp\/v2\/comments?post=295"}],"version-history":[{"count":12,"href":"https:\/\/www.cosmocanyon.de\/wordpress\/wp-json\/wp\/v2\/pages\/295\/revisions"}],"predecessor-version":[{"id":924,"href":"https:\/\/www.cosmocanyon.de\/wordpress\/wp-json\/wp\/v2\/pages\/295\/revisions\/924"}],"up":[{"embeddable":true,"href":"https:\/\/www.cosmocanyon.de\/wordpress\/wp-json\/wp\/v2\/pages\/58"}],"wp:attachment":[{"href":"https:\/\/www.cosmocanyon.de\/wordpress\/wp-json\/wp\/v2\/media?parent=295"}],"curies":[{"name":"wp","href":"https:\/\/api.w.org\/{rel}","templated":true}]}}